g) - 7*y(g). Calculate h(-2).
3
Let z = -201 - -203. Let u(l) = 7*l - 2 - 4*l**2 + 2*l**2 + l**z + 3. Determine u(5).
11
Suppose 216*v + 466 + 535 = -511. Let f be ((-5)/15)/((-2)/30). Let j(g) = f*g**2 + 4*g - 8 - 2*g**2 - 2*g**2. Determine j(v).
13
Let t(b) = 31*b**3 - b**2 + b + 1. Let l(r) = 44*r + 58. Let i be l(-6). Let p = 205 + i. Give t(p).
-32
Let a(n) be the first derivative of 11*n**2 + 3*n - 2021. Give a(-3).
-63
Let y(m) = 5*m**3 - 40*m**2 - 53*m - 3. Let g(d) = d**3 - 10*d**2 - 13*d. Let v(p) = 9*g(p) - 2*y(p). Calculate v(-8).
-34
Let f(q) = 2*q**3 - 22*q**2 + 3*q + 12. Suppose 16*n + 106 - 370 = -8*n. Give f(n).
45
Let z(l) = 3*l + 15. Let w be z(4). Let y(t) = -6*t + 8*t + w + 7 - 18. Give y(-11).
-6
Let z(t) = -2*t + 30. Let c(v) = 12*v**2 - 88*v + 51. Let u be c(7). What is z(u)?
-16
Let r(t) = 4 + 9*t**3 - 3*t**3 - 4*t - 116*t**2 + 118*t**2 - 1. Let h(q) = -11*q**3 - 4*q**2 + 7*q - 5. Let m(k) = -4*h(k) - 7*r(k). Give m(-1).
-1
Let o(v) = 49*v - 9*v**2 + 5 - 3 + 54*v - 106*v. What is o(1)?
-10
Let o(u) = 19*u + 408*u**2 - 756*u**2 - 32 + 347*u**2. What is o(18)?
-14
Let r(o) = -16*o + 69. Let c(l) = 11*l + 642. Let i be c(-58). Give r(i).
5
Let h(z) = z**3 + 5*z**2 - 5*z + 8. Let s = 16658 - 16664. What is h(s)?
2
Suppose b + 3*x - 21 = -2*b, -4*x = 3*b - 24. Let n(o) = 17*o - 11*o + 8 - 7*o. Calculate n(b).
4
Let z(j) be the second derivative of j**4/12 - j**3/6 - j**2 - 5*j. Let b be (-21)/(-15) + (14/(-10) - -2). Give z(b).
0
Let s(i) = 2*i**3 + 14*i**2 - 89*i - 623. Let x be s(-7). Let o(y) be the third derivative of x + 0*y + 1/24*y**4 - 26*y**2 - 1/3*y**3. Determine o(7).
5
Let z(d) = -d. Let h(u) = -3*u - 3. Let j(l) = -h(l) + 2*z(l). Let m(w) = 11 + 2*w + w**3 + 2*w**2 - 14 + 4. Let b be m(-1). What is j(b)?
3
Let r(j) = -4*j**3 + 28*j**2 + 45*j - 4. Let p(i) = i**3 - 7*i**2 - 11*i + 1. Let d(m) = -9*p(m) - 2*r(m). Let q be d(8). Let f(b) = -b - 13. Give f(q).
-20
Let h be 58/(-4)*(-13)/(169/182). Let t(a) = -206*a**2 + h*a**2 - 9 + 9. Give t(3).
-27
Let z(a) = -808*a + 4034. Let d be z(5). Let y(t) = -4*t**2 - 31*t - 11. Give y(d).
31
Let j(q) = 3*q + 1. Let a(i) = 1. Let h(v) = 3*a(v) + j(v). Suppose -1561 = 66*u - 1759. Give h(u).
13
Let c(v) be the third derivative of 5*v**4/8 + 3*v**3/2 + 3249*v**2. Give c(4).
69
Let l(m) = 9*m**3 - 3*m**2 + 3*m + 3. Let z(t) = -2*t**3 + 2*t**2 - 1. Let h(s) = -l(s) - 4*z(s). Let d be 34/(-10) - (4 - (-170)/(-50)). What is h(d)?
-3
Let u(j) be the third derivative of j**5/60 - 7*j**4/24 + 3*j**3/2 - 2*j**2. Let d(t) = 32*t**2 - 30*t**2 + 9*t**2 - 31*t + 1. Let y be d(3). Give u(y).
9
Let j(t) = -17*t**3 + t**2 + 2*t - 3. Let o = 8113 + -8112. What is j(o)?
-17
Let q(h) = -2*h**2 - 136*h - 962. Let j be q(-60). Let b(z) = -5*z**2 - 16*z - 5. Give b(j).
7
Let p(v) = v**2 + 2*v - 1. Let r(n) = 3*n - 3. Suppose 6*b = 7*b - 4. Let m be r(b). Suppose m + 12 = -7*w. What is p(w)?
2
Suppose 8 = -6*w + 26. Let j(g) = 11*g**2 + 3*g - 9. Let v be j(w). Suppose -v = 12*l - 15. Let f(z) = z**3 + 7*z**2 + 2*z + 8. What is f(l)?
-6
Let v(l) = 6*l**2 + 27*l**2 + 5189640 - 5189647 + 428*l. Calculate v(-13).
6
Let g(n) be the first derivative of -13*n**2/2 - 74*n - 1601. Give g(-6).
4
Let s(y) = -5 - 64*y + 0 + 37*y + 46*y - 58*y + 40*y. Let u = 11 + 1. Let l = u + -4. Give s(l).
3
Let h(l) be the second derivative of -19*l**5/10 + l**4/6 + l**3/3 + l**2/2 - 110*l. Suppose 5*q - 5 + 10 = 0. Calculate h(q).
39
Let h(q) = 4*q**2 - q - 1. Let w(j) = -4*j - 97. Let p be w(-25). Suppose 3*x = 3*n + n - 17, -p*n - 5*x = 9. Calculate h(n).
13
Let g(z) = 3*z + 9. Let v = 127 - 109. Suppose -3*w - v = -0. Give g(w).
-9
Let z(g) be the third derivative of 1/60*g**5 + 0*g - 7*g**2 - 7/12*g**4 - 9/2*g**3 + 30. Determine z(16).
5
Let y(h) be the third derivative of h**5/60 - 3*h**4/2 + 7*h**3 + h**2 + 283. Determine y(35).
7
Let o(b) = -2*b**2 + 12*b - 6. Let c be o(9). Let n = c + 56. Let d(g) = -g**3 - 5*g**2 - 3*g + 2. Calculate d(n).
-2
Let q(m) = -m**2 - 8*m + 14. Let l = -65 - -72. Let o(j) = j**3 - 6*j**2 + j - 66. Let d be o(l). Calculate q(d).
-6
Let n(b) = 7 + 7 + 5*b - 5 - 3*b. Let p(u) = -u - 4. Let w(q) = -3*n(q) - 5*p(q). What is w(-6)?
-1
Let p(q) be the second derivative of -9 + 9*q + 1/12*q**4 + 10/3*q**3 - 3*q**2. Determine p(-20).
-6
Let w(l) = -2*l**2 - 6*l + 86. Suppose -51*c + 61*c = -80. Let a be w(c). Let o(g) = -g**2 + 7*g - 4. Calculate o(a).
2
Let k(s) = -s + 3. Suppose 2*q + 3*v = 0, -2*v + 26 = -6*q + 3*q. Let o(f) = -2*f**2 - 12*f + 6. Let n be o(q). Calculate k(n).
-3
Suppose -39 = 5*r - 3*a, 3*r = -6*a + 3*a - 9. Let y(u) = u**2 + 13*u + 14. What is y(r)?
-28
Let g(r) = r**3 - 5*r**2 - 3*r + 4. Let a(x) = -6*x**3 + 9*x**2 - 6*x. Let d be a(3). Let u = 109 + d. Suppose -18*b + 16*b + u = 0. Calculate g(b).
-11
Let n(b) = b + 8. Suppose 4*d = 14*d - 20. Suppose -4*a + 32 = -4*q, a + 0*a + d = 3*q. Suppose 4*v + a + 15 = 0. What is n(v)?
1
Let d(y) be the third derivative of -y**7/2520 + y**6/240 - y**5/24 + 5*y**4/24 + 4*y**3/3 - 55*y**2. Let s(n) be the second derivative of d(n). Determine s(4).
-9
Let w(u) = -u**3 + 5*u**2 - 5*u + 5. Let i = 29 + -41. Let x = -8 - i. Determine w(x).
1
Let d = 376 - 255. Let h = d + -195. Let s = -71 - h. Let f(p) = -p**2 + 3*p - 1. Determine f(s).
-1
Let o(c) be the second derivative of c**3/6 - 123*c**2/2 + 17*c - 176. Give o(0).
-123
Let j(n) = 10*n**3 - 4*n**2 + 7*n - 5. Let r(w) = -w**2 + 186*w + 2802. Let i be r(-14). Determine j(i).
73
Suppose -29 = -h - 32. Let y(o) be the third derivative of 5*o**4/24 + o**3/6 - 382*o**2. Give y(h).
-14
Suppose -2*v + 50 - 62 = 4*w, w + 5*v = -12. Let x(a) be the third derivative of 0 + 0*a**4 + 1/6*a**3 + 0*a - 1/30*a**5 + a**2. What is x(w)?
-7
Let x = -2 + -2. Let l(s) = -s**2 - 6*s. Suppose -28 = -19*h + 5*h. Let j(w) = w + 1. Let b(g) = h*j(g) + l(g). Calculate b(x).
2
Let m be 4/6 - ((-40)/(-15))/(-2). Let j(y) = 18 + 19 - 9*y - 32 + 0*y**m + y**2. What is j(4)?
-15
Let i(d) = -2*d - 18. Let n(t) = t + 17. Let p(h) = -2*i(h) - 3*n(h). Let j = -2399 + 2399. Calculate p(j).
-15
Suppose 19 = -195*z + 176*z. Let o(k) = 8*k**2 + 2*k + 3. Give o(z).
9
Let z be (-2 - 1)*(-11)/(-3). Let v(c) be the second derivative of c**5/20 + 5*c**4/6 - 11*c**3/6 - 5*c**2 - 12847*c - 3. Determine v(z).
-10
Let m = -744 - -799. Let r(y) = -58 + 0*y**3 + 5*y**2 + m + 0*y**2 + y**3 - 2*y**2. Determine r(2).
17
Let h(i) = -i**3 - 24*i**2 - 45*i - 22. Let v be -1 + -2 + (-57)/3. Let w be h(v). Let y(c) = c**3 - c**2 - c - 3. Give y(w).
-3
Let p = 3373 + -3409. Let j(a) = a**3 + 36*a**2 + a + 34. What is j(p)?
-2
Let b(l) be the second derivative of l**5/20 + 5*l**4/12 - 5*l**3/3 + 7*l**2/2 + 825*l. Determine b(-8).
-105
Let o = 2683 + -8047/3. Let i(t) be the second derivative of 21*t + 0 - 1/2*t**2 + o*t**3 + 1/12*t**4. Calculate i(-2).
-5
Let f(a) be the first derivative of 3*a**2/2 + 12*a + 2. Suppose 20 = 2*o - 5*i, -26 = 25*o - 15*o - 4*i. What is f(o)?
-3
Suppose 0 = -120*j - 174 - 426. Let g(n) = -3*n**2 + 4. Let a(i) = i**2 - i + 1. Let x(r) = 2*a(r) + g(r). Give x(j).
-9
Let y(r) = r**2 - 29247*r + 29248*r + 1 + 1. Let b = -2 + 4. Determine y(b).
8
Let k = -10870 - -10898. Let d(y) = -y**2 + 30*y - 74. Determine d(k).
-18
Let x(v) = 7023 - 12*v + 6978 - 14059 + v. Give x(-6).
8
Suppose -2*s + 20 = -5*c, c + 4 = -2*s + s. Let a(h) = 12 - 30 + 2*h + s*h - 3*h + 20. Calculate a(5).
-3
Suppose -193*v - 108 = -199*v. Let g(r) be the first derivative of -v + 5/2*r**2 - r. What is g(-1)?
-6
Let x(f) be the third derivative of -f**6/120 + f**4/6 - 2*f**3/3 - 225*f**2. Suppose 2*d = -4*a - 16, 7 = 2*d - d - a. Determine x(d).
-4
Let r(t) = -t**3 - 8*t**2 - 5*t - 10. Let p(u) = 2*u**3 + 12*u**2 + 7*u + 15. Let d(k) = 5*p(k) + 8*r(k). Determine d(-2).
-27
Let g(s) = s**2 + 17*s + 14. Let f(p) = 132*p + 1307. Let d be f(-10). Calculate g(d).
-38
Let d = 75 + -54. Let l = d - 21. Suppose -6*v + 10*v + 12 = l. Let s(u) = 3*u + 2. What is s(v)?
-7
Suppose v - 4 = 3*w - 1, -2*w + 4*v = 12. Suppose -5*z + 22 - 12 = 0. Let h(y) = -6*y - y**z - 22 + 17 - y + 6*y. Determine h(w).
-5
Let v(x) be the first derivative of -x**3/3 - 9*x**2/2 + 5*x + 848. What is v(-10)?
-5
Suppose -10 = -5*f, 8*w - 5*f - 2646 = 4*w. Let d = 654 - w.